lculate the remainder when 109 is divided by 19.
14
What is the remainder when 4525 is divided by 188?
13
What is the remainder when 581 is divided by 551?
30
What is the remainder when 585 is divided by 148?
141
Calculate the remainder when 120 is divided by 31.
27
What is the remainder when 877 is divided by 44?
41
What is the remainder when 45 is divided by 9?
0
What is the remainder when 247 is divided by 32?
23
What is the remainder when 497 is divided by 36?
29
What is the remainder when 307 is divided by 13?
8
What is the remainder when 83 is divided by 44?
39
Calculate the remainder when 91 is divided by 60.
31
What is the remainder when 7613 is divided by 41?
28
What is the remainder when 263 is divided by 22?
21
What is the remainder when 67 is divided by 57?
10
What is the remainder when 644 is divided by 142?
76
Calculate the remainder when 355 is divided by 93.
76
Calculate the remainder when 143 is divided by 52.
39
What is the remainder when 216 is divided by 110?
106
What is the remainder when 121 is divided by 26?
17
Calculate the remainder when 6863 is divided by 52.
51
Calculate the remainder when 1224 is divided by 306.
0
What is the remainder when 72 is divided by 66?
6
Calculate the remainder when 143 is divided by 41.
20
Calculate the remainder when 550 is divided by 46.
44
What is the remainder when 315 is divided by 153?
9
What is the remainder when 820 is divided by 69?
61
Calculate the remainder when 80 is divided by 22.
14
Calculate the remainder when 536 is divided by 170.
26
What is the remainder when 254 is divided by 64?
62
Calculate the remainder when 102 is divided by 52.
50
What is the remainder when 530 is divided by 13?
10
Calculate the remainder when 3901 is divided by 64.
61
Calculate the remainder when 1243 is divided by 83.
81
Calculate the remainder when 254 is divided by 34.
16
Calculate the remainder when 993 is divided by 154.
69
Calculate the remainder when 350 is divided by 11.
9
What is the remainder when 49 is divided by 28?
21
Calculate the remainder when 364 is divided by 35.
14
Calculate the remainder when 311 is divided by 20.
11
What is the remainder when 895 is divided by 892?
3
Calculate the remainder when 220 is divided by 15.
10
Calculate the remainder when 1034 is divided by 23.
22
What is the remainder when 12 is divided by 2?
0
What is the remainder when 10 is divided by 6?
4
What is the remainder when 12486 is divided by 22?
12
What is the remainder when 156 is divided by 131?
25
Calculate the remainder when 279 is divided by 18.
9
What is the remainder when 7353 is divided by 6?
3
Calculate the remainder when 2403 is divided by 142.
131
Calculate the remainder when 1267 is divided by 9.
7
What is the remainder when 990 is divided by 324?
18
What is the remainder when 60 is divided by 16?
12
What is the remainder when 337 is divided by 114?
109
What is the remainder when 759 is divided by 76?
75
What is the remainder when 395 is divided by 380?
15
Calculate the remainder when 169 is divided by 45.
34
Calculate the remainder when 575 is divided by 20.
15
What is the remainder when 2170 is divided by 42?
28
Calculate the remainder when 669 is divided by 40.
29
What is the remainder when 2298 is divided by 9?
3
Calculate the remainder when 1710 is divided by 245.
240
What is the remainder when 935 is divided by 77?
11
What is the remainder when 1037 is divided by 128?
13
What is the remainder when 118 is divided by 30?
28
What is the remainder when 692 is divided by 11?
10
Calculate the remainder when 752 is divided by 145.
27
What is the remainder when 346 is divided by 29?
27
Calculate the remainder when 897 is divided by 258.
123
What is the remainder when 4916 is divided by 14?
2
What is the remainder when 52 is divided by 21?
10
Calculate the remainder when 18 is divided by 18.
0
What is the remainder when 758 is divided by 24?
14
What is the remainder when 1216 is divided by 111?
106
What is the remainder when 111 is divided by 34?
9
Calculate the remainder when 1695 is divided by 16.
15
Calculate the remainder when 272 is divided by 21.
20
Calculate the remainder when 149 is divided by 19.
16
Calculate the remainder when 1258 is divided by 63.
61
Calculate the remainder when 73 is divided by 6.
1
Calculate the remainder when 1212 is divided by 23.
16
What is the remainder when 38308 is divided by 10?
8
What is the remainder when 543 is divided by 32?
31
Calculate the remainder when 190 is divided by 24.
22
What is the remainder when 34 is divided by 25?
9
What is the remainder when 103 is divided by 30?
13
Calculate the remainder when 3021 is divided by 121.
117
What is the remainder when 746 is divided by 108?
98
What is the remainder when 1825 is divided by 83?
82
Calculate the remainder when 116 is divided by 19.
2
What is the remainder when 4472 is divided by 2233?
6
What is the remainder when 151 is divided by 4?
3
Calculate the remainder when 611 is divided by 300.
11
Calculate the remainder when 3418 is divided by 681.
13
What is the remainder when 1759 is divided by 14?
9
Calculate the remainder when 67 is divided by 12.
7
Calculate the remainder when 2730 is divided by 94.
4
What is the remainder when 1435 is divided by 631?
173
Calculate the remainder when 1078 is divided by 31.
24
Calculate the remainder when 609 is divided by 60.
9
Calculate the remainder when 81 is divided by 21.
18
Calculate the remainder when 215 is divided by 196.
19
What is the remainder when 514 is divided by 37?
33
Calculate the remainder when 172 is divided by 23.
11
Calculate the remainder when 160 is divided by 48.
16
Calculate the remainder when 1594 is divided by 321.
310
What is the remainder when 797 is divided by 7?
6
What is the remainder when 427 is divided by 345?
82
Calculate the remainder when 124 is divided by 40.
4
What is the remainder when 765 is divided by 55?
50
Calculate the remainder when 3343 is divided by 124.
119
Calculate the remainder when 85 is divided by 22.
19
What is the remainder when 2781 is divided by 121?
119
Calculate the remainder when 171 is divided by 85.
1
What is the remainder when 53 is divided by 36?
17
What is the remainder when 167 is divided by 28?
27
Calculate the remainder when 1358 is divided by 90.
8
Calculate the remainder when 258 is divided by 24.
18
Calculate the remainder when 673 is divided by 3.
1
What is the remainder when 2393 is divided by 477?
8
Calculate the remainder when 7107 is divided by 4.
3
What is the remainder when 7 is divided by 1?
0
What is the remainder when 107 is divided by 16?
11
Calculate the remainder when 110 is divided by 105.
5
What is the remainder when 2131 is divided by 22?
19
What is the remainder when 99 is divided by 8?
3
Calculate the remainder when 652 is divided by 163.
0
What is the remainder when 2363 is divided by 472?
3
Calculate the remainder when 1122 is divided by 5.
2
What is the remainder when 315 is divided by 291?
24
What is the remainder when 55 is divided by 20?
15
Calculate the remainder when 121 is divided by 46.
29
Calculate the remainder when 17854 is divided by 48.
46
What is the remainder when 456 is divided by 125?
81
Calculate the remainder when 1741 is divided by 87.
1
What is the remainder when 671 is divided by 25?
21
What is the remainder when 2017 is divided by 58?
45
What is the remainder when 227 is divided by 57?
56
What is the remainder when 139 is divided by 5?
4
Calculate the remainder when 285 is divided by 22.
21
Calculate the remainder when 718 is divided by 181.
175
Calculate the remainder when 14 is divided by 8.
6
Calculate the remainder when 4114 is divided by 179.
176
What is the remainder when 271 is divided by 68?
67
What is the remainder when 312 is divided by 282?
30
What is the remainder when 270 is divided by 39?
36
Calculate the remainder when 137 is divided by 7.
4
What is the remainder when 57 is divided by 39?
18
What is the remainder when 246 is divided by 29?
14
What is the remainder when 159 is divided by 63?
33
Calculate the remainder when 6629 is divided by 30.
29
Calculate the remainder when 949 is divided by 122.
95
What is the remainder when 44 is divided by 17?
10
Calculate the remainder when 224 is divided by 41.
19
Calculate the remainder w